et t(f) = 6 + 7 + 812*f**3 - 3*f**2 - 813*f**3. Calculate t(0).
13
Let f(s) = 19*s + 61. Let o(b) = -9*b - 28. Let w(h) = 6*f(h) + 13*o(h). Suppose 3*n - 5 = 2*n. Determine w(n).
-13
Suppose -3*k = -2*k - 3. Suppose 5*v - k*g + 21 = 0, -4*v + 4*g - 10 - 2 = 0. Let b(s) = -4 - 4180*s - 4182*s - s**2 + 8356*s. Give b(v).
-4
Suppose 4*n - 60 = -282*s + 287*s, 3*s + 36 = 2*n. Let u(v) be the first derivative of -v**2/2 - 7*v + 2. What is u(n)?
-7
Let r be 2/(-6)*(13 + -37). Let c be (-44)/(-8) - 3/2. Suppose -2*n - r = -c*i + i, -3*n = -3*i + 12. Let b(m) = m**3 - m**2 + 13. Give b(i).
13
Let h = 12 + -7. Let b(w) = w - 3825 + 1640 + 3*w**2 - w**3 + 2182. Give b(h).
-48
Let z(d) be the third derivative of -d**6/120 + d**5/60 + d**4/6 + d**3/3 - 756*d**2. Let j(a) = a**2 - 10*a - 8. Let f be j(11). Determine z(f).
-4
Suppose 4*f = o - 11, -5*o + 0*f = 5*f - 30. Suppose -o*w + 4*w - 12 = 0. Let q be (w + 4)/(-4) - -4. Let a(u) = u**2 - 2*u - 3. Give a(q).
5
Let k be (-4)/10 + 54/(-3105)*-23. Let x(q) = q**2 + 4*q - 11. What is x(k)?
-11
Let z(m) = 22*m + 2 + 7 - 17306275*m**2 + 17306272*m**2. Calculate z(8).
-7
Let m(f) be the second derivative of -f**4/12 + f**3/3 + 44*f**2 + 6954*f. Give m(0).
88
Let l(w) = -4*w**3 + 4*w**2 + 13*w + 1. Let z(t) = -3*t**3 + 5*t**2 + 12*t + 2. Let m(r) = -4*l(r) + 5*z(r). Let s(a) = -4*a + 12. Let g be s(5). What is m(g)?
6
Let m be 2/6 - (-11)/3. Let x = 7 - m. Let k(h) = -h**2 + 1 - h**x + 6*h - 5*h - 2*h. What is k(1)?
-2
Suppose -5*l - 31 = -3*a, 4*l = 3*a + 2*l - 16. Let q(t) = -31*t**2 + 61*t**2 + 0*t - 31*t**a + 2 - 4*t. Give q(-5).
-3
Let n(a) = 0*a + 8*a + 1 - 2*a. Let s(b) = -28*b - 345. Let w(l) = -14*l - 171. Let p(d) = 4*s(d) - 7*w(d). Let u be p(-13). What is n(u)?
-5
Let j be (-2 - -3) + (-3 - (0 - 2)). Let h be -3 + 5 - (7 - j). Let a(s) = -s + 4. Let i(f) = 2*f - 9. Let l(m) = h*a(m) - 2*i(m). Determine l(6).
4
Let c(o) = 2*o**2 + 8*o - 21. Suppose 4*m = -144*k + 141*k - 7, -3*k = -5*m + 25. What is c(k)?
-11
Let g(s) be the second derivative of -s**3/3 + 2*s**2 - 5*s. Let w be (-14)/(-28)*(1 + -7). Calculate g(w).
10
Let o(i) = 5*i - 5. Let t(u) = u - 1. Let p(w) = o(w) - 6*t(w). Let f(n) = n**2 + 13*n - 2. Let y(d) = -f(d) - 5*p(d). Calculate y(-8).
-3
Suppose -2*b - 3 = -11. Let p(x) = -2*x**3 - 7*x**2 + x**3 + 5 + 11*x**2 - 7*x - 88*x + 47*x + 46*x. Determine p(b).
-3
Let t(d) = -6*d + 81. Let v be (-18)/(-4)*(4180/198 - 18). Determine t(v).
-3
Let a be 5/(2 + -7)*-6. Let y(k) = -7*k + 12. Let r(s) = 6*s - 11. Let b(n) = 6*r(n) + 5*y(n). Let l be b(a). Let d(q) = -q**2 - q - 1. Calculate d(l).
-1
Let y(p) be the third derivative of -p**4/12 - 14*p**3/3 + 878*p**2. What is y(-14)?
0
Let z(y) = -5*y - 7. Let n(f) = -f**2 - 25*f - 121. Suppose 0 = 28*s + s + 174. Let k be n(s). What is z(k)?
28
Suppose -i - 10 = -p + 3, 5 = -i. Let c(d) = -3*d**3 - 9*d**2 - 2*d - 10. Let o(r) = -8*r**3 - 18*r**2 - 10*r - 19. Let b(s) = 5*c(s) - 2*o(s). What is b(p)?
4
Let v(d) = -d**3 - 8*d**2 - 6*d + 4. Suppose 257 - 277 = -4*z. Suppose -4*i - z*g + 4 = 7, -1 = -2*i - 3*g. Determine v(i).
-3
Let y(d) be the first derivative of -2*d**2 - 14*d - 3246. Calculate y(0).
-14
Let f(j) = -j**3 - j**2 + j + 1. Let y = -140 + 134. Let k(d) = -8*d**3 - 4*d**2 + 7*d + 8. Let r(p) = y*f(p) + k(p). What is r(2)?
-4
Suppose 4*q + 3 - 39 = 0. Let v(d) be the third derivative of d**6/120 - 2*d**5/15 - 7*d**4/24 + 4*d**2 + 833*d. Determine v(q).
18
Suppose -5*x = -2*h - 31, 5*h - 2*x - 14 = -60. Let y(s) = -s**3 - 6*s**2 + 17*s + 11. Calculate y(h).
3
Let n = -5346 - -5348. Let y(j) be the first derivative of j - 1/3*j**3 + 18 - j**n. Determine y(-2).
1
Let b(h) = h**2 + 2*h. Suppose -255 = -7*a + 207. Suppose 0 = -a*z + 74*z + 16. Determine b(z).
0
Let l(b) be the third derivative of 1/120*b**6 - 1/3*b**4 - 2*b**2 + 59*b - 7/6*b**3 - 2/15*b**5 + 0. What is l(9)?
2
Let g(w) = w + 82. Let t(q) = -14. Let i(h) = -g(h) - 5*t(h). Suppose 3*c + 2*v + 2*v = -51, 4*v - 68 = 4*c. Let s = c + 8. Give i(s).
-3
Let s(d) be the second derivative of -26*d + 0 - 3/2*d**2 + 1/6*d**3. Let n(m) = -m + 3. Let q be n(-4). What is s(q)?
4
Suppose 0 = 7*c + 95 - 18. Let i(h) = 5*h**3 + 26*h**2 + 10*h + 10. Let w(b) = 5*b**2 + 0*b**3 + 22*b + b**3 + 2 - 20*b. Let o(s) = c*w(s) + 2*i(s). Give o(-3).
4
Let f(u) be the third derivative of -u**6/120 + u**5/3 + 25*u**4/24 - 3*u**3 + 3*u**2 - u - 2. Determine f(21).
66
Let a(w) = -w**3 + 6*w**2 - 4*w + 6. Suppose 13*x + x + 182 = 0. Let b(f) = -f - 8. Let h be b(x). Determine a(h).
11
Let a(x) = -117*x**2 - 39*x. Let l(t) = 23*t**2 + 7*t. Let p(v) = 5*a(v) + 26*l(v). Determine p(1).
0
Suppose -a = -4*d + 12, -4*a + 3 = 5*d - 12. Suppose g + 18 = -s + 6*g, -g - 2 = -d*s. Let m(k) = -k**3 + 2*k**2 + 2*k - 4. What is m(s)?
0
Let d(z) = -z**3 + z**2 + z - 9. Let i(j) = -4*j**3 + 2*j**2 + 3*j - 87. Let f(o) = 2*d(o) - i(o). What is f(0)?
69
Let z(x) = 2*x**3 + x**2 - 4*x + 1041. Let w be z(0). Let g(u) = 2*u + 1050 - 2078 + w. What is g(-11)?
-9
Let z be (-4)/(-9)*3 + 1/(-3). Let b be (-12)/(-7 + 5) - (z - -2). Suppose 0 = b*l + 13 - 7. Let g(c) = 4*c**3 + 4*c**2 + c - 2. What is g(l)?
-20
Let n be (3/2)/(4/112). Suppose -3*l + n = 3*l. Let x(y) = -y - 8. What is x(l)?
-15
Let i(k) = -3 + 2 - 2 + k + 5. Let n(p) = -p**3 - p**2 + 3*p + 4. Let w(d) = -3*i(d) + n(d). Give w(2).
-14
Let v(l) be the second derivative of -l**3/6 + 8*l**2 - 17*l + 52. Suppose -7*k + 28 = -3*k. Calculate v(k).
9
Let v(b) = b**3 - 4*b**2 - 5*b - 6. Let f(l) = l**3 + 21*l**2 + 23*l + 65. Suppose 14*o - 10*o = 5*m + 84, -5*o = -m. Let t be f(m). Give v(t).
-6
Let o(x) be the third derivative of x**9/5040 - x**7/5040 - x**6/720 + 13*x**5/30 - 75*x**2. Let l(n) be the third derivative of o(n). What is l(-1)?
-12
Let w(l) be the first derivative of l**3/3 - l**2 + 8*l + 130. Let z be -16 - 1148/(-70) - (-28)/5. Calculate w(z).
32
Let y(t) = 6440*t - 9 - 6452*t + 4*t**2 + 42 - t**3. What is y(4)?
-15
Suppose -16*w + 2*w = -112. Let h be (-8)/w*-2*3. Let g(b) = -h*b + 4*b - 4*b - 2 + b. What is g(2)?
-12
Let a(u) = -u + 10. Suppose 0 = 2*l - i + 98 + 165, 5*i - 398 = 3*l. Let r be (4/(-3))/(4/414). Let b = l - r. Determine a(b).
3
Let g(m) = -10*m**2 - 10*m + 23. Let y(h) = 23*h**2 + 19*h - 46. Let b(n) = -7*g(n) - 3*y(n). Determine b(-13).
-23
Suppose 5*s = -w + 2, 3*w - 7*s = -9*s + 19. Let g(m) = -m**3 + 7*m**2 - 4*m + 27. Determine g(w).
-1
Let q(m) = 50*m**2 + m - 2. Let u be 4 + 2 + (2255/(-287) - (-12)/14). What is q(u)?
47
Let o(d) = -53*d**3 - 2*d**2 + 2*d - 1. Suppose -29 - 13 = -12*k - 30. Calculate o(k).
-54
Let a(j) = -j**3 + 6*j**2 - 5*j - 1. Let n be a(5). Let o(g) = 486 - 2*g**2 + 14*g**2 - 2*g**2 - 487 - 5*g**2. Give o(n).
4
Let j(k) = 5*k**3 - 53*k**2 - 19*k + 10. Let i(u) = u**3 - 11*u**2 - 4*u + 2. Let v(c) = 14*i(c) - 3*j(c). Calculate v(4).
18
Let f(t) be the first derivative of -5/2*t**2 + 140 - 2*t + 1/3*t**3. Let a be (0 + -2 + 7)*1. Give f(a).
-2
Suppose -4*b = -2*d + 30, -d - 2*b - b = -15. Suppose -4 = -d*o + 17*o. Let q(f) = 3 - f + 0 - 5. Determine q(o).
0
Let b(u) be the third derivative of -1/8*u**4 - 1/60*u**5 + 0*u + 3*u**2 + 1/2*u**3 + 2. What is b(-4)?
-1
Let u(d) be the third derivative of d**7/2520 - d**6/240 - d**5/20 + d**4/2 + 7*d**3/6 - 5*d**2 - 21. Let v(p) be the second derivative of u(p). What is v(5)?
4
Suppose 37 = 2*f - 4*r - 21, -5*f + 2*r + 153 = 0. Suppose -34 = -13*z + f. Suppose -2*t - 1 = -z. Let q(i) = i**2 - 2. Calculate q(t).
2
Let r(a) = -2*a + 1. Let p be (0 - -1 - 1)/(-38 - -40). Suppose -i - 3*f - 9 = 0, 5*i - 3*f = -p*f + 9. Suppose 4 = 2*m, i*m - 32 = 5*b - m. Determine r(b).
13
Let q(p) = -17*p + 385. Let r be q(23). Let l(g) = -5*g + 3. Give l(r).
33
Let q(z) = -13*z**2 - z. Let p(i) = -64*i**2 - 12*i + 6. Let a(r) = -p(r) + 6*q(r). What is a(2)?
-50
Let j(i) = 2 - i**2 - 2 + 2*i**2 + 1. Let m be j(-1). Let a(f) = -2*f - 3. Let t(u) = 6*u + 12. Let s(x) = -4*a(x) - t(x). Calculate s(m).
4
Let v(u) = -146*u - 668. Let r(i) = 98*i + 445. Let d(g) = 7*r(g) + 5*v(g). Let l be d(-5). Let z(j) = -j - 11. Calculate z(l).
-6
Let t(m) = -m**3 + 4*m**2 + 6*m + 3. Suppose 13 = o - 4*w, 5*o + 4*w + 27 + 4 = 0. Let a be (2 - -4)/o - (-6 + 1). Suppose 2 = n - a. Give t(n).
8
Suppose -16*p + 